or of 66 and i?
6
Suppose 2*g = -2*g + 256. Suppose 31*z + 4 = 28*z + 4*y, 44 = 5*z + 6*y. What is the highest common factor of z and g?
4
Let n(h) = -2*h**2 - 14*h + 13. Let y be n(-12). Let j = y + 211. Calculate the highest common factor of 26 and j.
26
Let y be 56120/30*(-48)/(-32). Calculate the highest common divisor of 46 and y.
46
Let h be (-3554)/24 + 16/192. Let a = 179 + h. Calculate the highest common divisor of 403 and a.
31
Let x(o) = -751*o + 3888. Let i be x(5). What is the greatest common factor of 931 and i?
133
Suppose 31075 + 1445 = 11*l - l. Calculate the greatest common divisor of 42 and l.
6
Let y = -49 + 51. Let v(s) = 2*s**2 - 2*s - 2. Let h be v(y). Suppose 6*n = 2*n + 8. What is the greatest common factor of h and n?
2
Let t(m) = m**2 - 17*m + 5. Let s be t(17). Let j be (30/s)/6 - -3. Calculate the highest common factor of j and 24.
4
Let y be (-1)/(2/2 + -2). Suppose -5*u + 4 = -6. Suppose 14 = -2*d + 4*n, -2*d - u*d + n = 0. Calculate the greatest common factor of d and y.
1
Let i be (0 + 27)*4*-1*129/(-172). Calculate the highest common factor of 3 and i.
3
Let d be ((62/(-4))/(((-24)/(-16))/3))/(-1). What is the greatest common divisor of d and 403?
31
Suppose 20*o - 14*o = -24. Let j be (22 + 3 + 0)*o/(-4). Suppose -r + 20 = 3*r. What is the greatest common divisor of j and r?
5
Suppose 4*s = 3*p + 5*s - 20, -s = -2*p + 10. Let m = -3060 - -3126. Calculate the greatest common divisor of p and m.
6
Let v(y) = 9*y**2 - 319*y - 9. Let m be v(47). Calculate the highest common factor of 476 and m.
119
Suppose 10*r - 24 = 6*r. Suppose -r*n + 25 = 13. Suppose 5*b = t - 5*t - 4, n*b = -3*t + 4. What is the greatest common factor of 44 and t?
4
Suppose 15*a - 35 = 10*a. Let x be -1 + 8 + a/(-21)*3. Calculate the highest common divisor of 32 and x.
2
Let w be 2677085/920 + (-18)/(-16) + -1. Calculate the greatest common factor of w and 60.
30
Let n be 654/(-36)*-40 - (-2)/((-6)/5). Suppose -5 = 3*m - 80. What is the highest common factor of m and n?
25
Let v(l) = l**3 + 2*l**2 - 8*l + 5. Let z be v(-4). Let b = 2203 - 2196. Calculate the greatest common factor of b and z.
1
Suppose 3*c + 4 = 25. Suppose 5*l + 4*z - 2*z = 4, -z - c = -2*l. Let p be 10410/90 + (l/3)/(-1). Calculate the highest common factor of 23 and p.
23
Suppose 0 = 2*b + 2*u - 252, -2*u = 4*b - 439 - 77. What is the highest common factor of 21 and b?
3
Let d(n) = n**3 - 26*n**2 + 24*n + 34. Let h(q) = q**2 - 25*q + 71. Let x be h(23). Let i be d(x). Calculate the greatest common factor of i and 1.
1
Suppose 64*u + 89*u - 48*u - 16170 = 0. Let q(b) = 76*b**2 - 2*b + 3. Let t be q(-3). Calculate the greatest common factor of u and t.
77
Let f(m) = 3*m**2 - 251*m + 3756. Let o be f(18). What is the highest common factor of o and 1245?
15
Suppose -2*n + 2*h + 22 - 114 = 0, -2*n + 4*h = 102. Suppose -957 - 828 = -35*b. Let p = b + n. Calculate the greatest common factor of p and 50.
10
Let n be 49470/1940*(10 + 0). What is the highest common divisor of n and 195?
15
Suppose -7*w + 7*w = -34*w + 5406. Calculate the greatest common factor of 1219 and w.
53
Suppose 2*m + 3*b = 51408, -95*b - 77100 = -3*m - 98*b. Calculate the greatest common factor of 48 and m.
12
Suppose 0 = -x - 3*s + 427, 72*s + 463 = x + 69*s. Calculate the highest common factor of x and 10.
5
Let g = -324 + 328. Suppose 3 = -g*o + 487. What is the greatest common factor of 22 and o?
11
Suppose 0 = t + 10, 0 = 635*u - 638*u - t + 164. Let r be -4*-1*(-2)/(-4). What is the greatest common divisor of r and u?
2
Let y(m) be the second derivative of m**5/10 + 5*m**4/4 - 2*m**3/3 + 22*m**2 - 9*m - 2. Let t be y(-8). What is the greatest common divisor of 348 and t?
12
Let g = 3900 - 3795. Calculate the greatest common factor of 1875 and g.
15
Suppose -8*n = -5*n + i - 523, 0 = 5*n + 3*i - 873. Let t = n - 162. Calculate the highest common factor of 96 and t.
12
Let g = -289 - -363. What is the highest common divisor of g and 4?
2
Suppose 5*w = 3224*u - 3223*u + 15627, 2*w - 4*u = 6222. Calculate the greatest common factor of w and 265.
53
Let h = 827 + -533. Let x(s) = -s**3 + 9*s**2 + 9*s - 39. Let a be x(9). Calculate the highest common divisor of h and a.
42
Let w = 7 + 12. Suppose 17*b - w*b = -50. Suppose -15 - b = -4*x. What is the greatest common divisor of 80 and x?
10
Let w be ((-3)/2)/((-4)/(560/21)). Let c be (-1)/(11/(-2)) - (-1904)/(-187). Let q be 3/(-2) - (765/c - -5). What is the highest common factor of w and q?
10
Let k = -1666 + 1677. Calculate the greatest common divisor of 2167 and k.
11
Let x(u) = -750*u - 2034. Let r be x(-3). Calculate the greatest common divisor of r and 3336.
24
Let n = -195 + 189. Let q be (-19)/57 - 296/n. Let s(j) = -2*j + 1. Let z be s(-3). Calculate the highest common divisor of z and q.
7
Suppose -2058 - 2251 = -31*p. What is the highest common factor of 16819 and p?
139
Let s be 1/(((-1)/(-90))/((-3)/(-9))). Suppose -s = -3*f + 33. What is the highest common divisor of 27 and f?
3
Let b = 410 - 393. Let y(c) = c**2 + 2*c - 1. Let r be y(-3). Let q be r/9 + 1520/45. Calculate the greatest common divisor of b and q.
17
Let x be (-7476)/(-1092) - (-6)/39. What is the greatest common divisor of 3703 and x?
7
Let y = 10892 + -10157. Calculate the greatest common factor of 1911 and y.
147
Let d(f) = f**3 + 9*f**2 - 5*f + 7. Let x be d(-9). Let n = -4 + x. Suppose 13*m = 20*m - 84. What is the greatest common divisor of m and n?
12
Let z be ((-2)/(-4))/(3/(-12)). Let r = 12 - z. Let m be ((-742)/318)/(2/(-12)). What is the highest common factor of m and r?
14
Let t(u) = 2*u**2 + 11*u - 1. Let l be (-2)/((-105)/(-33) - 3). Let q be t(l). Let z = -105 + q. What is the highest common factor of z and 20?
5
Suppose 557*u = 566*u - 17226. What is the greatest common divisor of u and 29?
29
Let g(w) = 2*w**2 - 5*w - 17. Let h be ((-2)/(-4))/((-1)/8). Let a be g(h). What is the highest common divisor of 7 and a?
7
Let s be 4 + (3/(-15) - (-19)/(-5)). Suppose -5*h + 27*h - 22 = s. Suppose -4*q + 3*q = -1. Calculate the greatest common divisor of h and q.
1
Let z(s) = -s**3 + 5*s**2 + 14*s - 29. Let v = -7 - -13. Let h be z(v). What is the highest common divisor of 95 and h?
19
Let t be -3*(-11 + 24 - 148). What is the highest common factor of t and 45?
45
Suppose 34*s + 6109290 = 133*s. Calculate the greatest common divisor of s and 110.
110
Let q be (-20)/(-20) - ((-4)/(-10) - 243/45). What is the greatest common factor of 106 and q?
2
Let w(g) = -g**2 - 2*g - 21. Let f be w(-15). Let n be (f/(-16))/((-2)/(-4)). What is the highest common factor of n and 243?
27
Suppose -239*v + 20 = -234*v. Suppose 3*y - v*k = 72, y - 7*k - 35 = -2*k. Calculate the greatest common factor of 8 and y.
4
Let v be (3192/(-40) + (9 - -1) + -7)*-10. Calculate the highest common divisor of v and 2544.
48
Let i(u) = u**3 + u**2 - u + 15. Let v be i(0). Let n(k) = -3*k + 72. Let x be n(-11). Calculate the greatest common divisor of v and x.
15
Suppose -k = -g + 1974, -5*g - 8*k + 10*k = -9891. Calculate the highest common divisor of g and 14.
7
Let s(g) = 24*g + 2. Let q be s(2). Let u be 66 + -66 + 9/(-45)*-10. What is the greatest common factor of u and q?
2
Let h be 1/(-2) + 4*(-58)/(-16). Suppose h*d - 9*d = 30. Calculate the highest common factor of d and 10.
2
Suppose -136 = -22*d + 51 + 605. Let p = -19 - -46. What is the greatest common divisor of p and d?
9
Let i = -122 - -126. Suppose i*r - 85 = -5*l - r, r + 5 = 0. Calculate the greatest common divisor of 22 and l.
22
Let w(y) = 18*y - 447. Let o be w(25). What is the highest common factor of o and 49?
1
Let u(g) = g**2 + 10*g + 11. Let o be u(-9). Let b = 10 - o. What is the greatest common divisor of b and 2?
2
Let a(k) = -2*k**3 + 2*k**2 + k - 3. Let m = 124 + -126. Let v be a(m). What is the highest common divisor of v and 19?
19
Suppose 0 = 3*h + 5 + 1. Let s be (5 + 2)*(-16)/h. Let a(m) = m**3 + 47*m**2 + 435*m + 1411. Let y be a(-36). Calculate the greatest common divisor of s and y.
7
Suppose 3*m + 10 = m. Let i be (-21)/m + (-11)/55. Suppose 10*p - 18 = i*p. Calculate the highest common factor of p and 15.
3
Let v(y) = y**2 + 21*y - 72. Let a be v(-26). Suppose -23 = -9*l + a. Let d = -245 - -344. What is the h